
Let m = 6 - -1. Suppose -3*y = -4*w, -5*w - y = -3*y - m. What is the units digit of w?
3
Suppose 5*i + 319 = u, 2*i + 4*u - 58 = -168. Let f = 111 + i. Let h = 70 - f. What is the tens digit of h?
2
Suppose 22 = -3*n - 59. Let d = 38 + n. What is the tens digit of d?
1
Let c(s) = -s**2 + 6*s + 4. Let a be c(6). What is the units digit of -2*a/8*-6?
6
Let d(w) = -3*w**2 - 5*w - 11. Let p(o) = 4*o**2 + 4*o + 12. Let k(j) = -3*d(j) - 2*p(j). What is the units digit of k(-7)?
9
Suppose -4*m - 5*u + 105 = -23, 3*m + 3*u = 93. Let w = m - -3. What is the units digit of w?
0
Suppose 5*v - 37 = 23. Let z be v/(-18)*(-57)/2. What is the tens digit of 4/(4/z) - -3?
2
Let n(l) = 319*l**3 + l**2 - 7*l + 5. What is the hundreds digit of n(1)?
3
Let b(o) = 5*o**3 - o**2 - 4*o + 2. Let c be b(3). What is the units digit of (-4)/18 + c/36?
3
Let u(x) = -3*x + 6. Let h be u(-8). Let r be 4/((-5)/(h/(-4))). Suppose -2*q = -4*i + 34, 6 = -3*i + r*i + 5*q. What is the units digit of i?
7
Let v = -5 + 9. Suppose r = -v*r + 25. What is the units digit of r?
5
Suppose 22*s - 20*s = 90. What is the tens digit of s?
4
Suppose 0*n + 10*n = 730. What is the tens digit of n?
7
Let y(m) = -m**3 + 8*m**2 - 5*m + 6. Suppose -7*a = -10*a + 21. What is the tens digit of y(a)?
2
What is the units digit of 2 - (2 - 1)*-13?
5
Suppose 44 = 4*y + i, y - 4*i = -y + 40. Let w be 30/y*1*2. Suppose -3*x - 16 = -w*x. What is the units digit of x?
8
What is the units digit of (-2)/8 + (5502/24 - 0)?
9
Let j = -14 - -12. What is the units digit of (2 + (-46)/4)*j?
9
Suppose -4*l + 4*b = 2 - 150, -41 = -l - b. What is the units digit of l?
9
Let t(b) be the third derivative of -b**6/360 - b**5/20 - b**4/8 + b**3/6 + 2*b**2. Let l(k) be the first derivative of t(k). What is the units digit of l(-2)?
5
Let r(n) = 2*n. Let p(c) = 2*c**2 - 3*c. Let i be p(2). Let l be r(i). Suppose 3 = -b + l. What is the units digit of b?
1
What is the tens digit of 696/10 - 5/25*-2?
7
Suppose s - 3*j - 30 = 0, -4*j - 7 = 13. What is the units digit of s?
5
Suppose 3*n = 2*n - 6. Let h(w) = -w**2 - 6*w + 3. Let i be h(n). Let a = i + 5. What is the units digit of a?
8
Let f be 16/((2 - 3)/(-1)). Let u = f + -28. What is the units digit of (u/10)/(3/(-15))?
6
Let z(j) = j**3 - 4*j**2 + 3*j - 5. Let w(r) = -r**3 - 3*r**2 - r + 1. Let d be w(-3). What is the units digit of z(d)?
7
Let x = 16 + 17. What is the tens digit of x?
3
Let s = 0 - 4. Let c be 1 - (3 + s)*1. Suppose o + 4*v - 31 = 0, 3*o - 51 = -c*v + 4*v. What is the units digit of o?
9
Let y = -8 - -21. What is the units digit of y?
3
What is the units digit of (2256/(-60))/((-2)/15)?
2
Let k = 66 - 25. Suppose z - k = 6. What is the units digit of z?
7
Suppose -2*w = -110 - 8. What is the tens digit of w?
5
Let k = -8 + 13. Let p be 5/1 - (4 - 2). Let v = k + p. What is the units digit of v?
8
Suppose -4*u + 85 = 1. What is the units digit of u?
1
Suppose 0 = 2*m + 1 + 3. Let j(c) = -3*c**3 - c**2 + 3*c + 2. What is the tens digit of j(m)?
1
What is the tens digit of (-8)/4 - (0 - -24)*-4?
9
Let b = 16 + -1. What is the units digit of b?
5
Let s(d) = d**3 + 3*d**2 + 2*d - 2. Let n be s(-2). Let g be (2/(-2) - n)/1. What is the units digit of (g*4)/(16/40)?
0
Let m(r) = 2*r**2 - 5. Let s = 14 + -18. What is the tens digit of m(s)?
2
Suppose -3*u + 2*u = 0. Suppose 32 = -2*l - 2*l - i, u = -3*l + 4*i - 24. Let y = l - -15. What is the units digit of y?
7
Suppose 4*k - 643 = 197. What is the hundreds digit of k?
2
Suppose b = -3*u + 35, -5*b - 42 + 207 = 5*u. What is the units digit of b?
2
Let b = 8 - 5. Suppose -3*p - b = -2*c - c, 0 = -p + 4*c - 16. What is the units digit of 18/p - 1/(-2)?
5
Suppose 2*o + 0*o - 14 = 0. Let d(l) = 3*l + 13. What is the tens digit of d(o)?
3
Let p be ((-6)/(-8))/(3/12). Let f = 25 - 18. Suppose p*o - f = 8. What is the units digit of o?
5
Let r be 14/8 + (-1)/(-4). Suppose 2*b = -4*x + 20 + 30, 4*b - 120 = r*x. Suppose -5*q = -b - 11. What is the units digit of q?
8
What is the units digit of 6 - (-2 + 3)*0?
6
Suppose 4*l = 8, -l - 3*l - 40 = -4*x. What is the tens digit of x?
1
Let h(w) = -w - 7. Let b(q) = -5*q - 29. Let c(i) = 4*b(i) - 18*h(i). What is the units digit of c(-5)?
0
Let i = -19 - -32. Let u(x) = 2*x - 1. Let w be u(2). Let d = i - w. What is the tens digit of d?
1
Suppose 23*c = 641 + 1406. What is the tens digit of c?
8
Let l(r) = 1 - 5*r**3 - 5*r**3 - 33*r**2 + 31*r**2. Let d be (-6)/8 - (-2)/(-8). What is the units digit of l(d)?
9
Let w(z) = -8*z**2 - 3*z + 2. Let s(x) = 7*x**2 + 3*x - 2. Let m be (1 + (-7)/2)*-2. Let d(j) = m*w(j) + 6*s(j). What is the units digit of d(-3)?
7
Suppose 4*p - 8 + 4 = 0, 0 = 2*n + 4*p - 10. What is the units digit of n?
3
Let w be ((12/(-1))/(-2))/2. Suppose w*h = -5 - 4. What is the units digit of (3 + 0)*(-1)/h?
1
Suppose -14 - 10 = -4*p. Let a = 11 - p. What is the units digit of a?
5
Let u = -10 + 14. Suppose 0 = -4*c - d + 53, -5 = -2*c + u*d - 1. What is the tens digit of c?
1
Let b = 243 + -139. What is the tens digit of b?
0
What is the tens digit of (45/10)/(3/18)?
2
Let k be 4/(-22) - 16/(-88). Let n be 3 + -1 + k/3. Suppose -j - 7 = -n*j. What is the units digit of j?
7
Suppose a - v - 4*v - 347 = 0, -3*v = 3*a - 1077. What is the tens digit of a?
5
Let z be 1/(-3) - 20/(-6). Suppose -2*b + z = -1. What is the units digit of (1 - b)/((-1)/7)?
7
Let f(h) = -5*h - 7. Let g(t) = 2*t + 4. Let u(n) = -4*f(n) - 9*g(n). What is the units digit of u(6)?
4
Let p(q) = -q**3 - 32*q**2 - 64*q - 16. What is the tens digit of p(-30)?
0
Let q = 69 - 1. What is the units digit of q?
8
Suppose u - 2*l - 24 = 0, -3*l - 49 = -2*u + 2*l. What is the tens digit of u?
2
Let q = -31 - -14. Let k = 4 - q. What is the tens digit of k?
2
Suppose 3*m = -2*u - 15, 2*u = 5*u + m + 5. Suppose 5 = -n - 0*n - 3*q, 5*n - 5*q + 5 = u. What is the tens digit of (-16)/(2*1/n)?
1
Let b(t) = -10*t. Let v be b(-1). Suppose v*s - 5*s - 60 = 0. What is the tens digit of s?
1
Let x = 49 + 36. Suppose -3*b + v + x = b, -3*v + 81 = 4*b. What is the tens digit of b?
2
What is the units digit of ((-392)/(-6))/((-66)/(-99))?
8
Suppose 2*a = -19 + 87. Let p = -10 + a. What is the tens digit of p?
2
Suppose -p + 108 = 3*p. What is the tens digit of p?
2
Suppose n + 0*f = -2*f - 31, -2*f = -3*n - 69. What is the units digit of ((-12)/10)/(10/n)?
3
Let i(d) = -2*d - 4. Let g be i(-5). What is the units digit of (-24)/16*(-32)/g?
8
Suppose 3*y - 5*y + 26 = 0. Suppose y = -4*i - 2*c + 33, 3*i - 5*c = -11. Suppose f = i*f - 4. What is the units digit of f?
2
Let a = -30 + 73. Suppose -65 = -4*p + a. What is the units digit of p?
7
Suppose 6*z - 2*z = 112. What is the units digit of z?
8
Let p = -3 + 9. Let o = p + -3. Let c = 4 + o. What is the units digit of c?
7
Suppose -1 = -5*i + 2*z + 5, 0 = -2*i - 2*z - 6. What is the units digit of (-4 + 10)*(2 - i)?
2
Let l be 17/4 + (-1)/4. Suppose 0 = c + 3 - l. What is the units digit of (-8)/4 + 6 + c?
5
Suppose -5*g - 22 = -3*u, -2*g + 5*u + 2 = 7. Let s = g + 31. Suppose 4*b = 2*m - s, 0 = 4*b - 1 + 5. What is the tens digit of m?
1
Let t(y) = 2 + 8*y**2 + 6*y - 3 - 7*y**2. What is the units digit of t(-8)?
5
Suppose l - 12 = -0. What is the tens digit of l?
1
Let f(t) = -2*t - 2. Let v be f(-3). Suppose -22 - 2 = -v*g. What is the units digit of g?
6
Let f = 35 - 0. What is the units digit of f?
5
Let c = 1 + 6. Suppose c*z - 4*z = 6. What is the units digit of z?
2
Let q(v) = -v**3 - 4*v**2 + 6*v + 6. Let f be q(-5). What is the units digit of (-6 - -1)/(f - 2)?
5
Let c(r) = r**2 + 10*r + 6. Let n be c(-10). Let g(y) = -y**2 + 7*y - 5. What is the units digit of g(n)?
1
Suppose -i - i = -160. What is the units digit of i?
0
Let y = -13 - -38. Suppose i = -0*i + 43. Suppose 0 = o - 5*n + y - 6, 0 = -3*o - 5*n + i. What is the units digit of o?
6
Suppose -12*h + 996 = -324. What is the tens digit of h?
1
Suppose 0 = 5*n - o + 57, -42 = -0*n + 4*n + o. Let s = 17 + n. What is the units digit of s?
6
Suppose 40 = -3*u + 4. Let g = -5 - u. What is the units digit of g?
7
Let o be (1 + -4)/((-21)/(-70)). Let z = o + 16. What is the units digit of z?
6
Let q be -2 - (-1 + -1 + -2). Suppose -2*m = 5*p - 5, p = q*p - 4*m - 1. What is the units digit of p?
1
Let 